he units digit of l(-6)?
2
Let u(l) = -l + 23. Let v be u(0). Suppose 0 = b - 0*b - v. What is the units digit of b?
3
Let h be 16/(3/((-27)/(-6))). Suppose -3*d + 4 + 2 = 0. Suppose 2*w + d*w = h. What is the units digit of w?
6
Let b(p) = -p**3 - 9*p**2 + 2*p - 6. What is the units digit of b(-10)?
4
Let h = 13 - 12. Let v(a) = a**3 - 2*a**2 + 1. Let p be v(1). Suppose p = -4*b + h + 11. What is the units digit of b?
3
Let t(q) = 2*q**3 - q**2 + 5*q - 4. Let f be t(3). Suppose -4*g + j = 3*j - 60, -4*j + f = 4*g. What is the units digit of g?
6
Let h = -10 - -4. Let z(p) = p + 5. Let o(s) = -s. Let i(j) = 2*o(j) - z(j). What is the tens digit of i(h)?
1
Suppose 3*s - 30 - 18 = 0. What is the units digit of s?
6
Suppose -2*j - 2 + 14 = 4*b, 5*b + 13 = j. Let m = 21 - j. What is the tens digit of m?
1
Suppose 4*j + 304 = 4*p, -147 = -2*p + 2*j + j. Let q = p + -49. What is the tens digit of q?
3
Let l(d) = 2*d**2 - 2*d + 1. Suppose 0*j = -4*j + 8. Let g be l(j). Suppose g*h - 30 = -r, -25 = -3*r + h - 3*h. What is the units digit of r?
5
Let d(m) = -3*m**2 + 4*m**2 + 3*m - 2 - 1. What is the units digit of d(-4)?
1
Let b(n) = -n**3 + 3*n + 2. Let m be b(-2). Let r(j) = j**2 - 3*j + 4. Let c be r(m). Suppose 4*a = -4*y, y = -2*y + a + c. What is the units digit of y?
2
Suppose -1 + 119 = 2*d. What is the tens digit of d?
5
Suppose -18 = 36*u - 37*u. What is the units digit of u?
8
Suppose -i = -1 - 3. Let m(y) = y + y - i - 4*y**2 + 5*y**2 + y**2. What is the units digit of m(-3)?
8
Suppose 0 = o + 18 - 83. What is the units digit of o?
5
Suppose -2*s + 3 = s. Let i be (-2 + 7)*s - 2. Suppose -2*l + 20 = i*l. What is the units digit of l?
4
Let s(t) = 3*t**2 + 2*t. Suppose -3*w = 5*d - 2*w + 6, -4*w + 12 = 2*d. Let c be s(d). What is the units digit of 4/(c/(-14))*-1?
7
Let y(u) = -u + 2. Let p be y(3). Let t be (-2)/(-2*1)*p. Let l = t + 2. What is the units digit of l?
1
Suppose 0 = -4*y + 2 + 6. Let n(k) = 3*k**3 - 5 - 3*k + 8 - 2 - 4*k**3 + 4*k**2. What is the units digit of n(y)?
3
Suppose -4*l + 111 = -229. What is the units digit of l?
5
Suppose -3*r + 30 = 2*r. Suppose 2*b - 6 = -a, -a - 3*b + 16 = -r*b. What is the units digit of a?
0
Suppose 5 = -w + 2*w. Suppose 2*r - 1 = -3, -w*r = -c + 15. What is the units digit of c?
0
Let l(s) = -4 - s**2 + 3*s**2 - s - s**2. Let w be l(3). Suppose -3*v - 2*c + 19 = 0, -w*v + 17 + 17 = -4*c. What is the units digit of v?
9
Let z = 97 - 38. What is the units digit of z?
9
Let k be 1/(0 - 2)*-4. Suppose -k*h + 5 = 1. Suppose w - 2 = 0, 70 = 5*u + 3*w + h*w. What is the tens digit of u?
1
Let i be -2 - (2/(-1) - 5). Suppose 0 = w - 4*b - 28, -3*b + 48 = -0*w + i*w. What is the tens digit of w?
1
Suppose 20 = k - 4*b, b + 7 - 3 = 0. Suppose -k*f = -0*f + 4. Let l(j) = -9*j**3 - j**2 - j. What is the units digit of l(f)?
9
Let j(r) = -r**2 + 6*r + 8. Let w be j(6). Suppose w = 2*t - t. What is the units digit of t?
8
Let s = 67 - 45. What is the tens digit of s?
2
Suppose -c + 26 = v, 3*c = -2*v + 57 + 19. What is the tens digit of c?
2
Suppose -f = 2*f - p - 146, -4*f + 3*p = -198. What is the tens digit of f?
4
Let p(t) = -t**3 + 6*t**2 + 8*t + 8. Let n be p(7). What is the tens digit of (-3)/n + 212/10?
2
Let f = 78 - 10. What is the units digit of f?
8
Let b(g) = g**2 - 7*g - 6. What is the tens digit of b(9)?
1
Suppose 2*c = -3*n - 559, -5*c = -2*n + 3*n + 1430. Let m be 4*(-2)/(-4) + c. What is the units digit of m/(-55) + (-2)/11?
5
Let v = -103 - -160. What is the units digit of v?
7
Let u(q) be the third derivative of -q**4/12 - 13*q**3/6 - 10*q**2. What is the units digit of u(-9)?
5
Suppose -a + 5 = -16. What is the tens digit of a?
2
Suppose 3*p - 215 = -20. What is the tens digit of p?
6
Let y(v) = 3*v - 2. Let z be (-16)/((-5)/(15/6)). Let l = 12 - z. What is the tens digit of y(l)?
1
Let s(x) = -2*x - 1. Let q = 2 + -4. Let m be s(q). Suppose 0 = -m*g - 5*h + 16, 0 = -5*g + 6*h - 3*h + 72. What is the units digit of g?
2
Suppose 5*p = -4*s - 75, 1 = -3*p + 2*p + 2*s. Let u = p + 39. Let c = u - 20. What is the units digit of c?
8
Let u(j) = -6*j**2 - 3*j**2 + 16*j**3 - 2 - 8*j + 0*j**2 - 15*j**3. What is the tens digit of u(10)?
1
Let p(d) = -3 - 1 - 2*d + 5 - 4. Let b be p(4). Let w = 18 + b. What is the units digit of w?
7
Let h = 49 + -25. Let g = -20 - -26. Let m = h - g. What is the tens digit of m?
1
Let u = -75 + 33. Let t = -2 - u. Suppose -8 = -2*b + 2*g, 4*g - t = -b - 2*b. What is the units digit of b?
8
Suppose -2*a - 3 = -2*k - 1, 0 = -4*a + 2*k - 14. What is the units digit of (-12 - 3)*4/a?
0
Suppose 0*s - 4 = -2*s. What is the units digit of s/4*38 + -3?
6
Let l(z) = 23*z + 35. What is the hundreds digit of l(6)?
1
Let a(f) = 2*f**2 - 6*f + 5. What is the tens digit of a(-4)?
6
Let f be (1 + (-3)/15)*5. Let x(c) = 2*c - 5. What is the units digit of x(f)?
3
Suppose l = -0 + 5, 2*p = 2*l + 6. What is the units digit of (-15)/(3 - 36/p)?
0
Let x be 8/((-1 + 0)*-2). Suppose -2*j + 2 = 0, -5*p = -4*j - 0*j + x. Suppose m = -3*h - p + 3, 4*m - 40 = -5*h. What is the units digit of m?
5
What is the hundreds digit of (-3 + 1)*(-427)/7?
1
Let q(x) = 223*x - 7. What is the tens digit of q(1)?
1
What is the hundreds digit of 269/2 + 4/(-8)?
1
Let u(t) be the first derivative of -t**2/2 - 5*t + 4. Let w be u(-7). Suppose 18 = y + w*y. What is the units digit of y?
6
Let l = -57 + 109. Suppose 3*a + l = 5*h, -4*h + 3 = 5*a - 46. What is the tens digit of h?
1
Let d be 6 + (2 - 3)*-1. Suppose 11 = 3*c - d. What is the units digit of c?
6
Let c = 134 - 48. What is the tens digit of c?
8
Let a = -7 - -12. What is the units digit of (2/a)/(3/90)?
2
Let c(o) = 5*o**2 - o. Let q be c(1). Suppose 3*v - v + 5 = 5*h, 2*v = 2*h + q. Let d(g) = g**2 - 3*g - 5. What is the units digit of d(v)?
5
Let y(l) = -l**3 + 3*l**2 + 5*l - 12. What is the hundreds digit of y(-5)?
1
Suppose -11*w + 13*w = 100. What is the units digit of w?
0
Let i(x) = 5*x**3 + 9*x**2 - 12*x - 5. Let w(u) = u**3. Let s be (8 + -5)*2/6. Let f(g) = s*i(g) - 4*w(g). What is the tens digit of f(-10)?
1
Suppose -933 = -4*z + 223. What is the hundreds digit of z?
2
Let w be (-15)/(-2)*(-8)/(-3). Suppose 0 = -3*s + t - 1 + w, -4*s = t - 30. What is the units digit of s?
7
Let k(s) = s**2 + 2*s - 3. Let q be k(-3). Suppose -2*g = -2*x + 44, 5*x - 102 = -q*x + g. What is the tens digit of x?
2
Suppose -2*x + 2*v = 14, x - 6*x - 5*v = 35. Let l = -4 - x. What is the units digit of l?
3
Suppose 12 = -3*z + 3*h, -4*z + 0*h - 4*h - 40 = 0. Let q = 23 + z. What is the units digit of q?
6
Let g(b) = -b**2 + 2*b - 2. Let r be g(2). Let m = 5 - r. Let h = m - 4. What is the units digit of h?
3
Let n(f) = f**3 + 4*f**2 + 3*f + 2. Let h be n(-3). Suppose 2*s + 4*p - 10 = 0, -s + 3*s - h*p = 34. What is the tens digit of s?
1
Suppose 0 = -4*z - 5*s + 218 + 331, -139 = -z - 3*s. What is the hundreds digit of z?
1
Let o(y) = 7*y + 6. Let c be (-3)/(2/(12/3)). Let r be o(c). What is the units digit of (r/(-10))/((-6)/(-15))?
9
Let h(u) = -34*u + 8. What is the units digit of h(-5)?
8
Let k = 1 - -2. Suppose -2*g - o = -42, 34 + 22 = k*g - 2*o. What is the units digit of g?
0
Suppose -4*a - k = -161, 3*a + 2*k = 7*a - 146. What is the tens digit of a?
3
Suppose -91 = 5*p - 291. What is the units digit of p?
0
Suppose -o + 566 = 4*r - r, -2*o = 8. What is the hundreds digit of r?
1
Let d be (-2)/(-3) + 4/3. Suppose 0 = -5*q + 5*l + 24 + 11, -d*l + 34 = 2*q. What is the units digit of q?
2
Let z be 1 + (-6)/3 - -4. Suppose 0 = -z*i + 9 + 21. What is the units digit of i?
0
Let n = 444 + -239. What is the units digit of n?
5
Let y = 8 + -5. Suppose -4*q - y*x = 12, 4 = -4*q + 3*x - 4*x. Suppose z + q*h + 6 = -4*h, 0 = z + 2*h. What is the units digit of z?
6
Let i be (-362)/(-5) + 2/(-5). Suppose 3*u = 3*l + 108, 2*l = 3*u + 2*u - i. What is the units digit of l/(-3)*(-2)/(-4)?
6
Let a(u) = u**2 + 7*u + 9. Let p be a(-6). Suppose -p = -2*g + 1. What is the units digit of g?
2
Suppose -2*u - 17 = 3*r, -8*r + 4*r + 3*u = 0. Let q(m) = 3*m**2 - 2*m + 2. What is the units digit of q(r)?
5
Let o = 19 - 20. Suppose -l + 3*n + 7 = -2, 0 = -4*n - 4. Let x = o + l. What is the units digit of x?
5
Let m = 56 + -34. What is the tens digit of m?
2
Suppose